t - 44545 = 0, -4*t + 44608 = -259*g + 261*g. What is the thousands digit of g?
2
Suppose -5*g = -r - 1026, 2*g + 0*g - 3*r = 413. Suppose -34 = -3*h + 41. Suppose -10*z = -g + h. What is the units digit of z?
8
Let c(d) = -d**3 - 20*d**2 + d + 25. Let m = -13 + -7. Let k be c(m). Suppose -3*z + 752 = k*z. What is the tens digit of z?
9
Let h(w) = -3*w**3 - 20*w**2 + 123*w - 2. What is the thousands digit of h(-18)?
8
Let t(c) = -5*c**2 + 6. Let l be t(-2). What is the tens digit of 10/l*(-156)/(-5)*-7?
5
Let d(i) = i + 134. Let z be d(8). Suppose 3*n = n + z. What is the tens digit of n?
7
Let f(v) = 8*v**2 + 11. Let l be f(-4). Let j = l - 98. What is the units digit of j?
1
Suppose 25*q - 10*q = 7*q + 26496. What is the thousands digit of q?
3
Suppose 43 = -3*q + 2*l, 6*l = 2*l - 4. Let d(i) = -i**3 - 14*i**2 + 2*i - 15. Let c be d(q). Suppose 0 = 10*g - 0*g - c. What is the units digit of g?
8
Suppose 101325 = -18*q + 386517. Suppose -18*x = -q - 13442. What is the tens digit of x?
2
Suppose -15*l + 204 = -27*l. Let b(j) = -j**2 - 19*j + 150. What is the tens digit of b(l)?
8
Suppose 2*q + 521 = 5*q + 4*b, 5*b = -5. Suppose 5*p - q = -25. What is the units digit of p?
0
Let j = -1253 - -586. Let f = j + 1812. What is the tens digit of f?
4
Let z = -234 - -254. What is the tens digit of (-8)/10 - (-7736)/z?
8
Let l = -1366 - -2220. Suppose -j + 3*m + 856 = 0, 5*m + l = j + 4*m. What is the hundreds digit of j?
8
Let o = -208 + 211. Suppose 2*g - 3*d = 723, o*g - 976 = d + 119. What is the hundreds digit of g?
3
What is the thousands digit of 1 + (9 - 18) - (-374052)/14?
6
Suppose 12*m - 18*m = -115*m + 2275375. What is the hundreds digit of m?
8
Let f(k) = k**2 + 3*k + 5. Let w(b) = -b**2 + 15*b - 32. Let c be w(11). Let g be c/(-5)*5/1. What is the hundreds digit of f(g)?
1
Let k = 21657 + 12203. What is the tens digit of k?
6
Let s be 8712/(-11) - (3/(-1))/1. Let f = s + 1287. What is the units digit of f?
8
Let k = 16 + 10. Let h = -1576 + 1403. Let a = k - h. What is the units digit of a?
9
Suppose -2*f - 5 = -t, -2*f - 4*t = 3*f + 6. What is the hundreds digit of 5891/43*1/f*-6?
4
Suppose 0 = 8*s + s - 18. Suppose -b - s*r + 221 = -89, -b + 322 = -2*r. What is the units digit of b?
6
Let g be 5/2*4/5. Let y(b) = 44*b**2 - 16*b - 7. What is the tens digit of y(g)?
3
Let l(u) = 5161*u - 13144. What is the ten thousands digit of l(11)?
4
Let w be (-3 - (-14)/(-4))*-2. Suppose 1980 = -3*n + w*n. Suppose -c + n = c. What is the tens digit of c?
9
Let d be 28/8 + (-3)/(-6). Let l(f) = -f**2 + 14*f + 23. Let q be l(-3). What is the tens digit of (q/(-5))/(d/10)?
1
Let a(i) = -856*i + 887. What is the units digit of a(-6)?
3
Let x = 34698 - 19120. What is the units digit of x?
8
Let j(p) = -2*p**2 + 17*p - 5. Let w(y) = -9*y - 42. Let u be w(-6). Let s be j(u). Let f = 51 - s. What is the hundreds digit of f?
1
Suppose 4*z = -6*f + 10*f + 111428, -4*f + 139258 = 5*z. What is the ten thousands digit of z?
2
Let n be (-16)/(-56)*1/(2/14). Suppose -1368 = -3*q + n*g - 6*g, 0 = -4*q + 5*g + 1855. What is the tens digit of q?
6
Let s be (3/5)/((-2)/(-10)). Let g(j) = -6*j**3 + 3*j + 0*j**s + 5*j**3 + 63 - 2*j. What is the tens digit of g(0)?
6
Let x(o) = -1656*o - 9. What is the hundreds digit of x(-3)?
9
Suppose -5*m = -9 + 34, -3*m + 5 = 4*k. Suppose 801 = k*n - 2164. What is the units digit of n?
3
Let m(b) = 43*b + 96. Let x(o) = 87*o + 191. Let i(w) = 9*m(w) - 4*x(w). What is the units digit of i(12)?
8
Let g = 247 + -146. Suppose w - 2*t = 337, 0*w - 676 = -2*w + 5*t. Let x = w - g. What is the hundreds digit of x?
2
Let u be (-892)/14 + 2/(-7). Let v = -71 - u. Let b(l) = 2*l**2 + l - 15. What is the units digit of b(v)?
6
Let j(o) = -7*o**3 - 3*o**2 - 7*o - 5. Let s be j(-4). Let b = s + 4. What is the units digit of b?
7
Suppose -5*a - 10 = -x, -3*a - 4*x + 6*x = 6. What is the hundreds digit of ((-4)/a)/(0 + 4/1128)?
5
Let h(o) = -o**3 - 56*o**2 - 845*o - 339. What is the units digit of h(-62)?
5
Let v = -452 - -302. Let x = v - -64. What is the tens digit of (x/10)/((-3)/15)?
4
Suppose -38*i = -253*i + 4199642 + 390393. What is the units digit of i?
9
Suppose -5*t + 5*h = 7*h - 331395, -2*h - 331375 = -5*t. What is the units digit of t?
7
Suppose 5*m = 2*w + 1882, 0 = 3*m + m - 4*w - 1496. Suppose 0 = -24*i + 14 - 5 + 39. Suppose -4*d + 938 = 4*n + n, -i*n + m = 3*d. What is the tens digit of n?
8
Let p = -20836 - -36549. What is the hundreds digit of p?
7
Suppose 8*c - 16*c + 1336 = 0. Suppose 2*r - 4*z - 232 = z, -3*r = -3*z - 330. Suppose 0 = 7*j - r - c. What is the tens digit of j?
3
Let d(m) = m**3 - 6*m**2 + 3*m - 13. Let q be d(6). Suppose 3*f + 7 + q = 0. What is the units digit of (1 + f)/(2 - (-478)/(-236))?
8
Suppose -80 = 10*m + 110. Let p be m/(-4 + (-213)/(-27) + -4). Let y = 291 - p. What is the hundreds digit of y?
1
Let l = 27101 - 9348. What is the tens digit of l?
5
Suppose -18*b + 113394 = -4056. What is the tens digit of b?
2
Let u = 149 - -19. Let a be 1/(-3)*u/(-4). Suppose 0 = -a*r + 9*r + 320. What is the units digit of r?
4
Suppose -k + 112 = 13*k. Let u be 9*236/k*16/6. Suppose 9*x - 2382 = -u. What is the hundreds digit of x?
1
Let c(x) = 15*x**2 + 12*x**2 + 2*x - 22*x**2 + 22. What is the hundreds digit of c(4)?
1
Let m(x) = -x**2 + 14*x - 13. Let p be m(9). Let d be 8/(-28) + p/14. Suppose d*l = 5*l - 27. What is the units digit of l?
9
Let g be (-22 - -26) + -1 + 1540. Suppose -t + g = 564. What is the hundreds digit of t?
9
Let v be 118/4*(-1 - 1). Let y = v + 64. Let h = 55 - y. What is the units digit of h?
0
Suppose 0 = 2*r + r + 3*v - 27, 3*r - v = 7. Suppose x + i + 10 = 4*x, 0 = -r*x + 2*i + 14. What is the units digit of x?
3
What is the units digit of (-4585385)/(-525) - (-1)/(-15)?
4
Let s(x) = 7*x**2 + 15*x + 37. Let d be (12/(-30)*6)/(3/10). What is the units digit of s(d)?
5
Suppose 0 = -4*k + y - 42, -4*k - 5*y - 30 = -0. Let i(p) = -160*p + 125. What is the tens digit of i(k)?
2
What is the tens digit of 13803/4*(-364)/(-273) - (1 + -1)?
0
Let y = 20734 + -8426. What is the hundreds digit of y?
3
Let j = 37631 - 18094. What is the thousands digit of j?
9
Let g(w) = w**3 + 73*w**2 + 216*w + 79. What is the tens digit of g(-62)?
7
Suppose 11*j = 3*y + 9*j - 189384, 7*j + 252538 = 4*y. What is the ten thousands digit of y?
6
Let p = -74 - -79. Suppose 0 = t - 2*b - 556, p*b = t + 298 - 851. What is the hundreds digit of t?
5
Let t be -106 - -109 - 2/2. Suppose -t*j + 70 = 12*i - 10*i, -5 = 5*i. What is the tens digit of j?
3
Let k be 3/(4 - 40/16). Suppose -k*p = n + 2*n - 1992, 6*p + 2016 = 3*n. What is the units digit of n?
6
Let h(f) = -10 - 6 - 219*f + 21 + 19 + 33. What is the units digit of h(-5)?
2
Let s = 2739 - 526. What is the units digit of s?
3
Suppose 3*s + 6*n = 10097 + 8893, -6330 = -s + 4*n. What is the units digit of s?
0
Let l = -22 + 49. Suppose 22*q = l*q - 10. Suppose -3*s - 5*m = -q*s - 123, 0 = -3*s + m + 337. What is the hundreds digit of s?
1
Let z(h) = 3994*h**2 - 8*h - 10. Let m be z(-1). Suppose 0 = 5*a + 2*n - m, -5*n + 0 = 20. What is the tens digit of a?
0
Let t be 8*((-3)/(-4) - (-2)/(-8)). Suppose 4*o = 3*y - t*y + 599, -5*y + 126 = o. Let g = -104 + o. What is the tens digit of g?
4
Let o(a) = -432*a + 284. What is the hundreds digit of o(-12)?
4
Suppose -4*t + 7 = -3*n - 20, 5*t - 5*n = 35. Suppose -t*q + 4*q = -772. What is the tens digit of q?
8
Suppose -5*p = -3*p - 6. Suppose -5*a + p*o = -1008, 4*a + o + 339 = 1159. What is the tens digit of a?
0
Let d(t) = t**3 - 60*t**2 - 122*t - 121. Let u be d(62). Let q(a) = 5*a**2 - 6*a - 9. Let v be q(8). Suppose 19 = u*j - v. What is the units digit of j?
4
What is the units digit of 1*5/(-60) - (-967112)/96?
4
Suppose 0 = -5*j + c - 52, -4*j = -4*c + 10 + 22. Let l(g) = 5*g**2 - 31. What is the tens digit of l(j)?
7
Let u = -2564 - -3879. What is the units digit of u?
5
Suppose 146*w - 150*w + 1388 = 0. Suppose -2*r + 3 = 7, 3*q - w = -2*r. What is the units digit of q?
7
Let n be (-14049)/(-11) - ((-2432)/176 - -14). Suppose 4*u - 1627 - n = 0. What is the tens digit of u?
2
Let g(v) = -4*v - 2. Let i(o) = -3*o**2 - 32*o - 6. Let h(d) = 6*g(d) - i(d). Suppose -20 = 3*m - n + 3*n, 4*m - n + 12 = 0. What is t